{"id":4780,"date":"2025-08-29T12:24:10","date_gmt":"2025-08-29T10:24:10","guid":{"rendered":"https:\/\/vertikalelevadores.com\/?page_id=4780"},"modified":"2025-08-29T12:27:33","modified_gmt":"2025-08-29T10:27:33","slug":"privacidad","status":"publish","type":"page","link":"https:\/\/vertikalelevadores.com\/ca\/privacidad\/","title":{"rendered":"Declaraci\u00f3 de Privadesa"},"content":{"rendered":"\t\t<div data-elementor-type=\"wp-page\" data-elementor-id=\"4780\" class=\"elementor elementor-4780\">\n\t\t\t\t<div class=\"elementor-element elementor-element-cf4a375 e-flex e-con-boxed wcf-starter-animations-none e-con e-parent\" data-id=\"cf4a375\" data-element_type=\"container\" data-e-type=\"container\" data-settings=\"{&quot;wcf-animation&quot;:&quot;none&quot;}\">\n\t\t\t\t\t<div class=\"e-con-inner\">\n\t\t<div class=\"elementor-element elementor-element-822c5bd e-con-full e-flex wcf-starter-animations-none e-con e-child\" data-id=\"822c5bd\" data-element_type=\"container\" data-e-type=\"container\" data-settings=\"{&quot;wcf-animation&quot;:&quot;none&quot;}\">\n\t\t<div class=\"elementor-element elementor-element-b502a9f e-con-full e-flex wcf-starter-animations-none e-con e-child\" data-id=\"b502a9f\" data-element_type=\"container\" data-e-type=\"container\" data-settings=\"{&quot;wcf-animation&quot;:&quot;none&quot;}\">\n\t\t\t\t<div class=\"elementor-element elementor-element-1cdfc05 elementor-widget__width-initial wcf-starter-animations-none wcf-t-animation-none elementor-widget elementor-widget-wcf--title\" data-id=\"1cdfc05\" data-element_type=\"widget\" data-e-type=\"widget\" data-settings=\"{&quot;wcf_starter_animations&quot;:&quot;none&quot;,&quot;wcf_anim_duration&quot;:1000,&quot;wcf_anim_delay&quot;:0,&quot;wcf_anim_ease&quot;:&quot;ease&quot;,&quot;wcf_text_animation&quot;:&quot;none&quot;,&quot;wcf-animation&quot;:&quot;none&quot;}\" data-widget_type=\"wcf--title.default\">\n\t\t\t\t<div class=\"elementor-widget-container\">\n\t\t\t\t\t<h1 class=\"wcf--title\">Declaraci\u00f3n de privacidad<\/h1>\t\t\t\t<\/div>\n\t\t\t\t<\/div>\n\t\t\t\t<\/div>\n\t\t\t\t<\/div>\n\t\t\t\t\t<\/div>\n\t\t\t\t<\/div>\n\t\t<div class=\"elementor-element elementor-element-506a613 e-flex e-con-boxed wcf-starter-animations-none e-con e-parent\" data-id=\"506a613\" data-element_type=\"container\" data-e-type=\"container\" data-settings=\"{&quot;wcf-animation&quot;:&quot;none&quot;}\">\n\t\t\t\t\t<div class=\"e-con-inner\">\n\t\t\t\t<div class=\"elementor-element elementor-element-5633fca wcf-starter-animations-none wcf-t-animation-none elementor-widget elementor-widget-wcf--text\" data-id=\"5633fca\" data-element_type=\"widget\" data-e-type=\"widget\" data-settings=\"{&quot;wcf_starter_animations&quot;:&quot;none&quot;,&quot;wcf_anim_duration&quot;:1000,&quot;wcf_anim_delay&quot;:0,&quot;wcf_anim_ease&quot;:&quot;ease&quot;,&quot;wcf_text_animation&quot;:&quot;none&quot;,&quot;wcf-animation&quot;:&quot;none&quot;}\" data-widget_type=\"wcf--text.default\">\n\t\t\t\t<div class=\"elementor-widget-container\">\n\t\t\t\t\t<div class=\"wcf--text\"><div class=\"prose text-pretty dark:prose-invert inline leading-relaxed break-words min-w-0 [word-break:break-word] prose-strong:font-medium\"><p class=\"my-2 [&amp;+p]:mt-4 [&amp;_strong:has(+br)]:inline-block [&amp;_strong:has(+br)]:pb-2\"><strong>Responsable del tratamiento<\/strong><br \/>El responsable de los datos es <strong>Vertikal Elevadores SL<\/strong>, CIF B75984245, domiciliada en Calle Nuestra Se\u00f1ora de los Dolores, 25 &#8211; PTL 2 2 C, Bormujos, 41930, Sevilla. Para cualquier contacto relacionado con privacidad puede escribir a <span style=\"text-decoration: underline\"><a class=\"break-word hover:text-super hover:decoration-super underline decoration-from-font underline-offset-1 transition-all duration-300\" href=\"mailto:contacto@vertikalelevadores.com\" target=\"_blank\" rel=\"nofollow noopener\">contacto@vertikalelevadores.com<\/a><\/span><\/p><p>\u00a0<\/p><p class=\"my-2 [&amp;+p]:mt-4 [&amp;_strong:has(+br)]:inline-block [&amp;_strong:has(+br)]:pb-2\"><strong>Finalidad del tratamiento<\/strong><br \/>Los datos personales recabados a trav\u00e9s de los formularios de la web ser\u00e1n utilizados exclusivamente para contacto comercial, env\u00edo de novedades y realizaci\u00f3n de estad\u00edsticas, siempre dentro de los fines leg\u00edtimos de la empresa.<\/p><p>\u00a0<\/p><p class=\"my-2 [&amp;+p]:mt-4 [&amp;_strong:has(+br)]:inline-block [&amp;_strong:has(+br)]:pb-2\"><strong>Datos recopilados y medio de recogida<\/strong><br \/>Solo se recopilan los datos proporcionados por el propio usuario mediante los formularios (nombre, email, tel\u00e9fono y provincia). Es posible que se empleen cookies, aunque su uso y la gesti\u00f3n del consentimiento se realiza \u00edntegramente a trav\u00e9s del plugin Complianz y el aviso de cookies de la web.<\/p><p>\u00a0<\/p><p class=\"my-2 [&amp;+p]:mt-4 [&amp;_strong:has(+br)]:inline-block [&amp;_strong:has(+br)]:pb-2\"><strong>Base legal del tratamiento<\/strong><br \/>La base legal para el tratamiento es el inter\u00e9s leg\u00edtimo y el consentimiento del usuario, obtenido mediante la casilla de opt-in situada bajo los formularios y la aceptaci\u00f3n de la pol\u00edtica de cookies.<\/p><p>\u00a0<\/p><p class=\"my-2 [&amp;+p]:mt-4 [&amp;_strong:has(+br)]:inline-block [&amp;_strong:has(+br)]:pb-2\"><strong>Conservaci\u00f3n de datos<\/strong><br \/>Los datos personales se conservar\u00e1n un m\u00e1ximo de <strong>2 a\u00f1os<\/strong> o hasta solicitud de supresi\u00f3n o modificaci\u00f3n por parte del usuario.<\/p><p>\u00a0<\/p><p class=\"my-2 [&amp;+p]:mt-4 [&amp;_strong:has(+br)]:inline-block [&amp;_strong:has(+br)]:pb-2\"><strong>Derechos de los usuarios<\/strong><br \/>En cumplimiento de la normativa, los usuarios pueden ejercer los derechos de acceso, rectificaci\u00f3n, supresi\u00f3n, portabilidad, oposici\u00f3n y limitaci\u00f3n del tratamiento enviando un email a la direcci\u00f3n de contacto de la empresa.<\/p><p>\u00a0<\/p><p class=\"my-2 [&amp;+p]:mt-4 [&amp;_strong:has(+br)]:inline-block [&amp;_strong:has(+br)]:pb-2\"><strong>Medidas de seguridad<\/strong><br \/>La web cuenta con protecci\u00f3n mediante Google reCAPTCHA v3, WP Hide Login y Akismet para garantizar la seguridad de los datos personales recogidos.<\/p><p>\u00a0<\/p><p class=\"my-2 [&amp;+p]:mt-4 [&amp;_strong:has(+br)]:inline-block [&amp;_strong:has(+br)]:pb-2\"><strong>Notificaci\u00f3n de cambios en la pol\u00edtica<\/strong><br \/>Cualquier modificaci\u00f3n de esta pol\u00edtica ser\u00e1 notificada a los usuarios por email.<\/p><p>\u00a0<\/p><p class=\"my-2 [&amp;+p]:mt-4 [&amp;_strong:has(+br)]:inline-block [&amp;_strong:has(+br)]:pb-2\"><strong>Datos de contacto para reclamaciones<\/strong><br \/>La web est\u00e1 gestionada por <strong>480p Marketing SAS<\/strong>, cuyo contacto est\u00e1 disponible en <span style=\"text-decoration: underline\"><a class=\"break-word hover:text-super hover:decoration-super underline decoration-from-font underline-offset-1 transition-all duration-300\" href=\"https:\/\/480pmarketing.com\/\" target=\"_blank\" rel=\"nofollow noopener\">480pmarketing.com<\/a><\/span><\/p><\/div><\/div>\t\t\t\t<\/div>\n\t\t\t\t<\/div>\n\t\t\t\t\t<\/div>\n\t\t\t\t<\/div>\n\t\t\t\t<\/div>\n\t\t","protected":false},"excerpt":{"rendered":"<p>Declaraci\u00f3n de privacidad Responsable del tratamientoEl responsable de los datos es Vertikal Elevadores SL, CIF B75984245, domiciliada en Calle Nuestra Se\u00f1ora de los Dolores, 25 &#8211; PTL 2 2 C, Bormujos, 41930, Sevilla. Para cualquier contacto relacionado con privacidad puede escribir a contacto@vertikalelevadores.com \u00a0 Finalidad del tratamientoLos datos personales recabados a trav\u00e9s de los formularios [&hellip;]<\/p>\n","protected":false},"author":1,"featured_media":0,"parent":0,"menu_order":0,"comment_status":"closed","ping_status":"closed","template":"elementor_header_footer","meta":{"footnotes":""},"folder":[16],"class_list":["post-4780","page","type-page","status-publish","hentry"],"_links":{"self":[{"href":"https:\/\/vertikalelevadores.com\/ca\/wp-json\/wp\/v2\/pages\/4780","targetHints":{"allow":["GET"]}}],"collection":[{"href":"https:\/\/vertikalelevadores.com\/ca\/wp-json\/wp\/v2\/pages"}],"about":[{"href":"https:\/\/vertikalelevadores.com\/ca\/wp-json\/wp\/v2\/types\/page"}],"author":[{"embeddable":true,"href":"https:\/\/vertikalelevadores.com\/ca\/wp-json\/wp\/v2\/users\/1"}],"replies":[{"embeddable":true,"href":"https:\/\/vertikalelevadores.com\/ca\/wp-json\/wp\/v2\/comments?post=4780"}],"version-history":[{"count":7,"href":"https:\/\/vertikalelevadores.com\/ca\/wp-json\/wp\/v2\/pages\/4780\/revisions"}],"predecessor-version":[{"id":4787,"href":"https:\/\/vertikalelevadores.com\/ca\/wp-json\/wp\/v2\/pages\/4780\/revisions\/4787"}],"wp:attachment":[{"href":"https:\/\/vertikalelevadores.com\/ca\/wp-json\/wp\/v2\/media?parent=4780"}],"wp:term":[{"taxonomy":"folder","embeddable":true,"href":"https:\/\/vertikalelevadores.com\/ca\/wp-json\/wp\/v2\/folder?post=4780"}],"curies":[{"name":"wp","href":"https:\/\/api.w.org\/{rel}","templated":true}]}}

Declaració de Privadesa

<div data-elementor-type="wp-page" data-elementor-id="4780" class="elementor elementor-4780">
				<div class="elementor-element elementor-element-cf4a375 e-flex e-con-boxed wcf-starter-animations-none e-con e-parent" data-id="cf4a375" data-element_type="container" data-e-type="container" data-settings="{&quot;wcf-animation&quot;:&quot;none&quot;}">
					<div class="e-con-inner">
		<div class="elementor-element elementor-element-822c5bd e-con-full e-flex wcf-starter-animations-none e-con e-child" data-id="822c5bd" data-element_type="container" data-e-type="container" data-settings="{&quot;wcf-animation&quot;:&quot;none&quot;}">
		<div class="elementor-element elementor-element-b502a9f e-con-full e-flex wcf-starter-animations-none e-con e-child" data-id="b502a9f" data-element_type="container" data-e-type="container" data-settings="{&quot;wcf-animation&quot;:&quot;none&quot;}">
				<div class="elementor-element elementor-element-1cdfc05 elementor-widget__width-initial wcf-starter-animations-none wcf-t-animation-none elementor-widget elementor-widget-wcf--title" data-id="1cdfc05" data-element_type="widget" data-e-type="widget" data-settings="{&quot;wcf_starter_animations&quot;:&quot;none&quot;,&quot;wcf_anim_duration&quot;:1000,&quot;wcf_anim_delay&quot;:0,&quot;wcf_anim_ease&quot;:&quot;ease&quot;,&quot;wcf_text_animation&quot;:&quot;none&quot;,&quot;wcf-animation&quot;:&quot;none&quot;}" data-widget_type="wcf--title.default">
				<div class="elementor-widget-container">
					<h1 class="wcf--title">Declaración de privacidad</h1>				</div>
				</div>
				</div>
				</div>
					</div>
				</div>
		<div class="elementor-element elementor-element-506a613 e-flex e-con-boxed wcf-starter-animations-none e-con e-parent" data-id="506a613" data-element_type="container" data-e-type="container" data-settings="{&quot;wcf-animation&quot;:&quot;none&quot;}">
					<div class="e-con-inner">
				<div class="elementor-element elementor-element-5633fca wcf-starter-animations-none wcf-t-animation-none elementor-widget elementor-widget-wcf--text" data-id="5633fca" data-element_type="widget" data-e-type="widget" data-settings="{&quot;wcf_starter_animations&quot;:&quot;none&quot;,&quot;wcf_anim_duration&quot;:1000,&quot;wcf_anim_delay&quot;:0,&quot;wcf_anim_ease&quot;:&quot;ease&quot;,&quot;wcf_text_animation&quot;:&quot;none&quot;,&quot;wcf-animation&quot;:&quot;none&quot;}" data-widget_type="wcf--text.default">
				<div class="elementor-widget-container">
					<div class="wcf--text"><div class="prose text-pretty dark:prose-invert inline leading-relaxed break-words min-w-0 [word-break:break-word] prose-strong:font-medium"><p class="my-2 [&amp;+p]:mt-4 [&amp;_strong:has(+br)]:inline-block [&amp;_strong:has(+br)]:pb-2"><strong>Responsable del tratamiento</strong><br />El responsable de los datos es <strong>Vertikal Elevadores SL</strong>, CIF B75984245, domiciliada en Calle Nuestra Señora de los Dolores, 25 &#8211; PTL 2 2 C, Bormujos, 41930, Sevilla. Para cualquier contacto relacionado con privacidad puede escribir a <span style="text-decoration: underline"><a class="break-word hover:text-super hover:decoration-super underline decoration-from-font underline-offset-1 transition-all duration-300" href="mailto:contacto@vertikalelevadores.com" target="_blank" rel="nofollow noopener">contacto@vertikalelevadores.com</a></span></p><p> </p><p class="my-2 [&amp;+p]:mt-4 [&amp;_strong:has(+br)]:inline-block [&amp;_strong:has(+br)]:pb-2"><strong>Finalidad del tratamiento</strong><br />Los datos personales recabados a través de los formularios de la web serán utilizados exclusivamente para contacto comercial, envío de novedades y realización de estadísticas, siempre dentro de los fines legítimos de la empresa.</p><p> </p><p class="my-2 [&amp;+p]:mt-4 [&amp;_strong:has(+br)]:inline-block [&amp;_strong:has(+br)]:pb-2"><strong>Datos recopilados y medio de recogida</strong><br />Solo se recopilan los datos proporcionados por el propio usuario mediante los formularios (nombre, email, teléfono y provincia). Es posible que se empleen cookies, aunque su uso y la gestión del consentimiento se realiza íntegramente a través del plugin Complianz y el aviso de cookies de la web.</p><p> </p><p class="my-2 [&amp;+p]:mt-4 [&amp;_strong:has(+br)]:inline-block [&amp;_strong:has(+br)]:pb-2"><strong>Base legal del tratamiento</strong><br />La base legal para el tratamiento es el interés legítimo y el consentimiento del usuario, obtenido mediante la casilla de opt-in situada bajo los formularios y la aceptación de la política de cookies.</p><p> </p><p class="my-2 [&amp;+p]:mt-4 [&amp;_strong:has(+br)]:inline-block [&amp;_strong:has(+br)]:pb-2"><strong>Conservación de datos</strong><br />Los datos personales se conservarán un máximo de <strong>2 años</strong> o hasta solicitud de supresión o modificación por parte del usuario.</p><p> </p><p class="my-2 [&amp;+p]:mt-4 [&amp;_strong:has(+br)]:inline-block [&amp;_strong:has(+br)]:pb-2"><strong>Derechos de los usuarios</strong><br />En cumplimiento de la normativa, los usuarios pueden ejercer los derechos de acceso, rectificación, supresión, portabilidad, oposición y limitación del tratamiento enviando un email a la dirección de contacto de la empresa.</p><p> </p><p class="my-2 [&amp;+p]:mt-4 [&amp;_strong:has(+br)]:inline-block [&amp;_strong:has(+br)]:pb-2"><strong>Medidas de seguridad</strong><br />La web cuenta con protección mediante Google reCAPTCHA v3, WP Hide Login y Akismet para garantizar la seguridad de los datos personales recogidos.</p><p> </p><p class="my-2 [&amp;+p]:mt-4 [&amp;_strong:has(+br)]:inline-block [&amp;_strong:has(+br)]:pb-2"><strong>Notificación de cambios en la política</strong><br />Cualquier modificación de esta política será notificada a los usuarios por email.</p><p> </p><p class="my-2 [&amp;+p]:mt-4 [&amp;_strong:has(+br)]:inline-block [&amp;_strong:has(+br)]:pb-2"><strong>Datos de contacto para reclamaciones</strong><br />La web está gestionada por <strong>480p Marketing SAS</strong>, cuyo contacto está disponible en <span style="text-decoration: underline"><a class="break-word hover:text-super hover:decoration-super underline decoration-from-font underline-offset-1 transition-all duration-300" href="https://480pmarketing.com/" target="_blank" rel="nofollow noopener">480pmarketing.com</a></span></p></div></div>				</div>
				</div>
					</div>
				</div>
				</div>

<p>Declaración de privacidad Responsable del tratamientoEl responsable de los datos es Vertikal Elevadores SL, CIF B75984245, domiciliada en Calle Nuestra Señora de los Dolores, 25 &#8211; PTL 2 2 C, Bormujos, 41930, Sevilla. Para cualquier contacto relacionado con privacidad puede escribir a contacto@vertikalelevadores.com   Finalidad del tratamientoLos datos personales recabados a través de los formularios [&hellip;]</p>
